the prime factors of (1 - -1)/(z/39).
13
Suppose 0 = -5*j + 2*j + 162. Let f be j/10 + (-15)/(-25). Suppose 0 = -k + 6 + f. List the prime factors of k.
2, 3
Let w be 3*(0 - 2/(-3)). Suppose w = q - 5. Let m(k) = k - 1. List the prime factors of m(q).
2, 3
Let l(q) be the third derivative of q**6/120 - q**4/24 + 8*q**3/3 + 3*q**2. What are the prime factors of l(0)?
2
Suppose 5 = -0*b + 5*b. Let f(n) = -12*n. Let o be f(b). Let u = -8 - o. List the prime factors of u.
2
Let f = -186 - -334. List the prime factors of f.
2, 37
Let z = -9 + 16. Suppose 1 = -k + z. Suppose 35 = -w + k*w. List the prime factors of w.
7
Let r be (-9)/(-6)*(-8)/(-6). Let p(z) = 7*z - 3. Let a be p(r). Let h = -1 + a. What are the prime factors of h?
2, 5
Let k(q) = -4*q + 6. Let l = -25 + 17. Let w be k(l). Suppose -3*d - 4*u + w = 0, -6*u + 4*u = -4. List the prime factors of d.
2, 5
Let x be (156/(-9))/((-6)/(-27)). Let d = x - -112. List the prime factors of d.
2, 17
Let f = -145 - -214. List the prime factors of f.
3, 23
Let x = 31 - 17. Let f(s) = s**3 + 5*s**2 - 6*s + 1. Let c be f(-6). Let j = x - c. List the prime factors of j.
13
Let a(p) = -11*p + 11*p + 3*p**2 + 1 + p**2. List the prime factors of a(-2).
17
Let j = -4 - -6. Suppose 2*z - 104 = j. List the prime factors of z.
53
Let j(f) = f**2 - 2*f - 6. List the prime factors of j(-6).
2, 3, 7
Suppose 3 + 0 = r. Suppose 2*g - 29 = q, -r*g + 7*g - 53 = q. What are the prime factors of g?
2, 3
Suppose -25 = -3*a - 2*a. Suppose a*d - 2*d - 21 = 0. List the prime factors of d.
7
Suppose 0*o + 2 = -2*o. Let k = o - -20. List the prime factors of k.
19
Suppose 0 = -8*c + 6*c + 176. What are the prime factors of c?
2, 11
Suppose 2*n + u - 7 = 12, 13 = 2*n + 3*u. What are the prime factors of n?
11
Suppose 2*s = -1 - 5. Let p = 0 + s. List the prime factors of 2/p - (-106)/6.
17
Suppose -3*x = -2*w - 3*w - 34, 4*w + 26 = 2*x. Suppose -4*z = -x*z - 60. List the prime factors of z.
2, 3, 5
Suppose -64 = -4*h + 3*h. Suppose -152 + h = -4*d. List the prime factors of d.
2, 11
Let u be 1*3/2*2. List the prime factors of 40/12 + 2/u.
2
Let s(i) = -5*i + 5. What are the prime factors of s(-11)?
2, 3, 5
Let y be -2 - 1 - (0 - -569). List the prime factors of (6/(-4))/(33/y).
2, 13
Let d = -12 + 21. Suppose 3*p = -k - 1, -5*k - 4*p = -d*p - 95. What are the prime factors of k?
2, 7
Let c(d) = -d**3 - 10*d**2 + 9*d + 16. What are the prime factors of c(-11)?
2, 19
Suppose 0 = 3*z + 6 + 3. List the prime factors of z/2*(-68)/6.
17
Let h = 0 - -4. Let b(v) = -5*v + 8. Let w(t) = 6*t - 9. Let i(f) = h*w(f) + 5*b(f). List the prime factors of i(-4).
2
Let q(c) = 2*c**2 + 4*c + 2. Let k be q(-3). Let n = k + -4. What are the prime factors of n?
2
Let f = -70 + 105. What are the prime factors of f?
5, 7
Let v(r) = 4*r - 5. Let j be v(6). Suppose 0*x + 33 = x + 5*i, 3*x - 5*i - j = 0. Suppose 3*k - x = 2. List the prime factors of k.
5
Suppose -3*w + 77 = 11. List the prime factors of w + 2/(-3)*3.
2, 5
Let g = -29 + 91. Suppose 8*q - 79 = 3*q + 2*t, 0 = -4*q + t + g. List the prime factors of q.
3, 5
Let a(y) = -32*y**3 + 4*y - 7. Let w(q) = 16*q**3 - 2*q + 4. Let v(k) = -3*a(k) - 5*w(k). Let s be v(1). What are the prime factors of 15/(-2)*(-24)/s?
2, 3
Let u(w) be the third derivative of -w**5/60 - 7*w**4/24 - w**3 - w**2. Let f be u(-7). List the prime factors of 0 - 2*f/4.
3
List the prime factors of (-220)/(-14) + -4*(-6)/84.
2
Suppose -5*w - 3*y + 411 = 0, -8*w + 3*w + 397 = -4*y. What are the prime factors of w?
3
Let z(c) = 6*c**2 - 2*c - 3. Let v(y) = y**3 + 9*y**2 + 7*y - 10. Let k be v(-8). List the prime factors of z(k).
5
Let i = -50 + 83. What are the prime factors of i?
3, 11
Let i(o) = o**2 - 3*o. What are the prime factors of i(6)?
2, 3
Let y(h) = -h - 2. Let w(f) = f**2 + 5*f - 4. Let g be w(-5). Let t be y(g). Suppose 0 = -5*i + 10, -i - t*i = -k. What are the prime factors of k?
2, 3
Let z(r) = 15*r**2 + 4*r - 2. Let v be z(3). Suppose -35 + v = 5*i. Suppose 0 = -5*a + 48 + i. What are the prime factors of a?
2, 7
Let r(g) = g**2 + 4*g - 3. Let p be r(-4). Let i(x) = -7*x. Let c be i(p). Suppose -c = -3*v - 3. What are the prime factors of v?
2, 3
Let k(i) = -i**2 + 9*i - 3. Let r(y) = -y + 7. Let z be r(0). What are the prime factors of k(z)?
11
Let x be (-1 - -1)*(-1)/(-1). Let f = x + 2. Suppose -j + f + 8 = 0. List the prime factors of j.
2, 5
Let n(w) = -w - 1. Let y be n(-7). Let t(v) = -v**2 - v**3 + 2*v**2 - 8*v + y + 3*v**2 + 5*v**2. List the prime factors of t(8).
2, 3
Let v(h) = -h**3 + 2*h**2 + 3*h - 1. Let o be v(3). Let f be (o + 0 + 4)*1. Suppose d = f*l - 19, 2*l - d = 6 + 7. What are the prime factors of l?
2, 3
Let v(s) = 3*s**3 - s**2 + 2*s. Let y(g) = -g**2 + 9*g - 6. Let c be y(8). What are the prime factors of v(c)?
2, 3
Let m(k) = 2*k + 2. Let j be m(0). Suppose 0 = o - j - 4. What are the prime factors of o?
2, 3
Let o(i) = 4*i**3 + 7 - 3*i**3 - 5*i**2 - 2*i**3 + 6*i + i. Let k be o(-6). What are the prime factors of ((-3)/(-2))/(k/6)?
3
Let v = -13 + 43. Let g = -19 + v. List the prime factors of g.
11
Suppose -4*z + 26 = -18. Suppose -3 = -2*k + 1. Let n = z - k. What are the prime factors of n?
3
Let c be -2 + -1 + 1 - -5. Let u(z) = -z**3 + 6*z**2 + 3*z + 1. What are the prime factors of u(c)?
37
Let o = -3 + 3. Suppose -5*x + 5*r + 15 = o, -3*r + 4*r + 24 = 4*x. List the prime factors of x.
7
Let j = 1 - 0. Let y be j - (18 + 1 + 0). Let x = -9 - y. What are the prime factors of x?
3
What are the prime factors of 87/6 + (-4)/8?
2, 7
Let x = -6 + 8. Suppose 0*l + 2 = x*l. Let a = 4 + l. List the prime factors of a.
5
Suppose 0 = -4*v + 4*j - 4, -3*j + 5 = -4*v - 2. What are the prime factors of (v/(-6))/((-4)/(-84))?
2, 7
Let w(x) = -x**3 + x**2 + 2*x + 50. List the prime factors of w(0).
2, 5
Suppose -2*p = -p. Suppose p*f = -3*f + 9. Suppose -f = 3*t - 4*t. What are the prime factors of t?
3
Let d(v) = -2*v + 59*v**2 - 2*v - 57*v**2 + 2. What are the prime factors of d(2)?
2
Let y(h) be the third derivative of h**6/72 - h**5/120 + h**3/3 - h**2. Let w(t) be the first derivative of y(t). What are the prime factors of w(1)?
2
Let w = -22 + 10. Let h = w - -52. List the prime factors of h.
2, 5
Let j = 12 + -7. Suppose j*q - 20 = -2*s, 7*q - 2*q - 5 = -5*s. What are the prime factors of q?
2, 3
Suppose -3*w + 12 = -0*w. Suppose 2*m = 4*l - 2*l, -32 = -w*l - 4*m. Let a = 16 - l. What are the prime factors of a?
2, 3
Let j(v) = 2*v**2 + 6*v + 6. Suppose -4*i = 21 - 5. Let u be j(i). Let c = -8 + u. List the prime factors of c.
2, 3
Let g = -5 + 8. Suppose 2*a + g*w = -a + 18, 5*w - 25 = -4*a. Suppose -a = 2*u - 27. What are the prime factors of u?
11
Let s(f) be the second derivative of -2*f**3/3 - 3*f**2/2 + 2*f. What are the prime factors of s(-5)?
17
Let s(a) = 14*a + 3. List the prime factors of s(6).
3, 29
Let k(z) be the first derivative of z**4/4 - 11*z**3/3 + z**2/2 - 4*z - 1. List the prime factors of k(11).
7
Suppose 2*y - 4*w = 66, -2*y = 2*w - 69 + 3. Let v be y/2 - 1/2. Let p = -3 + v. What are the prime factors of p?
13
Let k(b) = 2*b + 6 - 9*b + b - 4*b**2 + b**3. Let q be k(5). Let c(i) = 9*i. What are the prime factors of c(q)?
3
Let k(v) be the third derivative of v**6/120 - v**5/60 + 2*v**3/3 - 2*v**2. Let q be k(0). Suppose q = w - 3. What are the prime factors of w?
7
Let g(b) = -b**2 - 8*b + 10. Suppose 22 = -3*v + 1. List the prime factors of g(v).
17
Suppose q - 85 = 7. Suppose -4*d + 140 = -4*n, 51 + q = -5*n - 3*d. Let w = n + 45. List the prime factors of w.
2, 7
Suppose 70*g - 72*g + 380 = 0. What are the prime factors of g?
2, 5, 19
List the prime factors of (-6)/(-1)*(-4)/(-6).
2
Let u(l) = 5*l - 13. Suppose -2*j = j + 3*i - 3, 5*i + 25 = 0. Let n(y) = -2*y + 7. Let v(p) = j*u(p) + 11*n(p). List the prime factors of v(1).
7
Suppose -2*u = -2*y - 6, 3*u - 5 = -4*y + 4. Suppose y*r + 22 = r. List the prime factors of r.
2, 11
Let a(z) = -z**2 + 10*z - 7. List the prime factors of a(7).
2, 7
Let l = 32 - -36. Suppose 0 = -q - 0*q + l. List the prime factors of q/7 + (-8)/(-28).
2, 5
Suppose -j + 5*p - 11 + 132 = 0, -2*j = 4*p - 312. List the prime factors of j.
2, 73
Let h(s) = -s - 2*s - 3 + 4*s. Let d be h(6). Suppose -2*r + 13 + d = -4*n, 2*r - n - 1